{"id":807,"date":"2017-06-05T13:28:36","date_gmt":"2017-06-05T11:28:36","guid":{"rendered":"http:\/\/sowas-ev.de\/?page_id=807"},"modified":"2021-03-21T22:20:40","modified_gmt":"2021-03-21T20:20:40","slug":"vorstand","status":"publish","type":"page","link":"https:\/\/sowas-ev.de\/?page_id=807","title":{"rendered":"TEAM"},"content":{"rendered":"<p>Seit Februar 2017 hat SOWAS e.V. einen neuen Vorstand. Klaus-Peter, Christiane und Gisela werden dem Verein aber weiterhin treu bleiben. Gemeinsam wollen wir unser Projekt voranbringen und m\u00f6glichst vielen Kindern und Jugendlichen in West-Afrika, deren Familien zu arm f\u00fcr die Schulgeb\u00fchren sind, eine Chance durch Bildung geben.<\/p>\n<p>&nbsp;<\/p>\n<p><strong>Anastasia Tamms, Vorstandsvorsitzende&nbsp;<\/strong><\/p>\n<p>&#8220;Education is the most powerful weapon wich you can use to change the world.&#8221; (Nelson Mandels) <\/p>\n<p>2018 bin ich auf der Altonale auf Klaus-Peter und Idona gesto\u00dfen und ich wusste sofort, dass ist der Verein, in dem ich mich engagieren m\u00f6chte. <br>W\u00e4hrend verschieder Aufenthalte in verschiedenen L\u00e4ndern in Afrika, sah ich, dass ich mich f\u00fcr eine gerechtere Welt einsetzten muss und m\u00f6chte. Aber wie? Dies ist eine schwierige Frage, welche wir auch in unserem Verein diskutieren. Ich freue mich sehr, mit dem SOWAS Team, Teil eines Teams aus so gro\u00dfartigen Menschen mit verschiednen Hintegr\u00fcnden, Ideen und Inspirationen zu sein. <br>Ich selber habe Soziale Arbeit studiert, arbeite in einem Jugendzentrum und engagiere mich in der Gefl\u00fcchtetenhilfe. 2019 hatte ich die Chance unser SOWAS Team in Gambia kennen zu lernen und stehe seither in engem Kontakt und Ideenaustausch. <br>F\u00fcr mich ist es dass wichtigste in der Vereinsarbeit, das wir die Ideen gemeinsam entwickeln und wir wissen, dass unser Team vor Ort am besten wei\u00df wo welcher Bedarf besteht! <br>Da der Zugang zu Bildungseinrichtungen leider keine Sebstverst\u00e4ndlichkeit f\u00fcr alle Menschen ist, Bildung aber auch ein wichtiger Schritt in mehr Unabh\u00e4ngigkeit ist, setzten wir uns gemeinsam f\u00fcr Bildung und Menschenrechte ein! <br>F\u00fcr eine gerechtere Zukunft und mehr Unabh\u00e4ngigkeit!<\/p>\n<p>&nbsp;<\/p>\n<p><strong>Germaine Tesch-Ntad, stellvertretende Vorstandsvorsitzende<\/strong><\/p>\n<p>Ich studierte von 2010 bis 2014 an der Universit\u00e4t Hamburg Erziehungs- und Bildungswissenschaften mit dem Schwerpunkt Sozialp\u00e4dagogik, Kinder- und Jugendbildung. Von 2014-2019 absolvierte ich ein Masterstudium im Fachbereich Mehrsprachigkeit und Bildung mit den Schwerpunkten Interkulturelle Bildung und Sprachwissenschaften. Als Erziehungswissenschaftlerin war ich von 2015 bis 2019 in der Migrations- und Fl\u00fcchtlingsarbeit sowie in der Kinder- und Jugendhilfe t\u00e4tig. Von 2019 bis 2020 absolvierte ich ein weiteres Masterstudium in Peace and Security Studies (MPS) am Institut f\u00fcr Friedensforschung und Sicherheitspolitik der Universit\u00e4t Hamburg (IFSH) mit den Schwerpunkten Friedens- und Konfliktethik, Internationale Friedens- und Sicherheitspolitik und Entwicklung und Sicherheit mit einer Praxisstation an der Helmut-Schmidt-Universit\u00e4t in Hamburg.<br>Im Jahr 2019 lernte ich S.O.W.A.S e.V. durch eine Einladung von meiner Freundin Maren zum Verein-Grillfest kennen. In diesem Rahmen war ich nach Vorstellung des Leitbildes und der Vereinsziele von dem Verein angetan und wusste recht schnell, dass ich mich dort engagieren m\u00f6chte.<\/p>\n<p><em>\u201eJedes Kind hat das Recht auf eine Schulausbildung und jeder Mensch hat ein Anrecht darauf, seine grundlegenden Lernbed\u00fcrfnisse zu befriedigen \u2013 ein Leben lang\u201c (Bundesministerium f\u00fcr wirtschaftliche Zusammenarbeit und Entwicklung (BMZ 2020c).<\/em><\/p>\n<p>Gemeinsam mit Team S.O.W.A.S setze ich mich f\u00fcr soziale Gerechtigkeit und Chancengleichheit in Bildung ein. Denn es liegt mir sehr am Herzen, Kinder und Jugendlichen durch mein pers\u00f6nliches Engagement den Zugang zu Bildung zu erleichtern. Bereits in meiner Abschlussarbeit im Masterstudiengang Peace and Security Studies besch\u00e4ftigte ich mich u.a. mit dem Thema Empowerment von Frauen und M\u00e4dchen in Bildung in Westafrika. Die Ergebnisse meiner Studie zeigten, dass insbesondere M\u00e4dchen aufgrund von soziokulturellen Bedingungen oft in Bildung Benachteiligung erfahren. Deren Bildungsprozesse zu unterst\u00fctzen, geh\u00f6rt zu den wichtigsten Aufgaben, die ich selbstverst\u00e4ndlich durch mein soziales, gesellschaftliches Engagement \u00fcbernehmen m\u00f6chte. Daher freue ich mich sehr, mich gemeinsam im Team f\u00fcr die Organisation, die \u00d6ffentlichkeitsarbeit, die Mitglieder- und Mittelakquise, die Konzeption und Weiterentwicklung unseres Vereines einzusetzen, um die Bildung von Kindern in Westafrika finanziell zu erm\u00f6glichen. Denn Bildung ist der Weg zur nachhaltigen Entwicklung und Friedenssicherung: Ohne Bildung gibt es keine Entwicklung, ohne Bildung gibt es keinen Frieden und keine Sicherheit.<br>Hervorheben m\u00f6chte ich schlie\u00dflich die sehr gute Zusammenarbeit mit meinen Vereinskolleg*innen, die stets mit Engagement dabei sind.<\/p>\n<p>&nbsp;<\/p>\n<p><strong>Asamoah Idona Cylase, Finanzvorstand<\/strong><\/p>\n<p>Ich komme aus Ghana und bin seit 2010 Teil von SOWAS e.V. Bereits in Ghana war ich als<br>ehrenamtlicher Organisator f\u00fcr SOWAS e.V. aktiv. Meine Aufgabe war es Kontakt zu den Sch\u00fcler*innen zu halten und zu schauen welche weiteren Aufgaben vor Ort erledigt und organisiert werden m\u00fcssen. Dann bin ich selber SOWAS &#8211; Sch\u00fcler in Ghana geworden.<br>Mittlerweile lebe ich in Deutschland und engagiere mich von hier f\u00fcr SOWAS e.V und die Bildung in meinem Heimatland. Ich habe viel Fundraising betrieben, an Events wie Stra\u00dfenfesten oder Festivals f\u00fcr SOWAS e.V. teilgenommen und neue Mitglieder gesucht und gefunden. Nach 16 Jahren braucht SOWAS e.V. neue junge Kr\u00e4fte und ich will es weiter wachsen lassen und noch viel erreichen!<\/p>\n<p>&nbsp;<\/p>\n<p><strong>Florian John, stellvertrender Finanzvorstand<\/strong><\/p>\n<p>Was mich an SOWAS e.V. vom ersten Moment an begeistert hat, ist die Idee, jungen Menschen in ihrem Heimatland den Zugang zu Bildung zu erm\u00f6glichen. Von der normalen Schule bis hin zum Studium. Vor meinem eigenen Hintergrund, ein Studium der Philosophie absolviert zu haben, liegt mir das Thema Bildung besonders am Herzen. Bildung ist f\u00fcr mich ein wichtiger Schl\u00fcssel, um sich selbst zu verwirklichen aber auch um gesellschaftliche Entwicklungen voranzutreiben. Ich w\u00fcnsche mir, dass die jungen Generationen in Westafrika ihre L\u00e4nder nach ihren W\u00fcnschen gestalten kann<br>und freue mich daher, durch mein pers\u00f6nliches Engagement, diesen Prozess zu unterst\u00fctzen.<\/p>\n<p>&nbsp;<\/p>\n<p><strong>Maren Schm\u00f6ckel, Teammitglied<\/strong><\/p>\n<p>Ich bin Maren, auf dem Land in Niedersachsen geboren und aufgewachsen und lebe seit 2011 in Hamburg. Meine ersten Aufhalte in afrikanischen L\u00e4ndern waren w\u00e4hrend meines Studiums (Afrikanistik und Politikwissenschaft) in Uganda und Kenia. Im Jahr 2015 gr\u00fcndete ich zusammen mit einem Freund die NGO &#8220;Black White Star Alliance Uganda&#8221;, die es u.a. zur Aufgabe hat, Menschen vor Ort zu empowern und zu f\u00f6rdern, nach dem Motto &#8220;Hilfe zur Selbsthilfe&#8221;.<br>Im Sommer 2018 wurde ich auf SOWAS in Hamburg aufmerksam und mir gefiel das Konzept, Kindern und Jugendlichen in Westafrika mehr Zugang zu Bildung zu erm\u00f6glichen, sehr. Bildung ist ein wichtiger und wesentlicher Bestandteil des Lebens und ich finde,dass jeder Mensch auf dieser Welt die gleichen Chancen und M\u00f6glichkeiten im Leben haben soll. Ich freue mich nun ein Teil des SOWASTeams zu sein und mich f\u00fcr mehr Gleichberechtigung und Teilhabe engagieren zu k\u00f6nnen!<\/p>\n<p>&nbsp;<\/p>\n<p><strong>Cheikhna Wague, Teammitglied<\/strong><\/p>\n<p><strong>Andreas Tesch, Teammitglied<\/strong><\/p>\n<p><strong>Klaus-Peter Bernd, Vereinsgr\u00fcnder<\/strong><\/p>\n<p><strong>Gisela, Vereinsgr\u00fcnderin<\/strong><\/p>\n<p><strong>Christiane, Vereinsgr\u00fcnderin<\/strong><\/p>\n\n\n<p><\/p>\n<div class=\"pdf24Plugin-cp\"> \t<form name=\"pdf24Form0\" method=\"post\" action=\"https:\/\/doc2pdf.pdf24.org\/wordpress.php\" target=\"pdf24PopWin\" onsubmit=\"var pdf24Win = window.open('about:blank', 'pdf24PopWin', 'resizable=yes,scrollbars=yes,width=600,height=250,left='+(screen.width\/2-300)+',top='+(screen.height\/3-125)+''); pdf24Win.focus(); if(typeof pdf24OnCreatePDF === 'function'){void(pdf24OnCreatePDF(this,pdf24Win));}\"> \t\t<input type=\"hidden\" name=\"blogCharset\" value=\"Cw1x07UAAA==\" \/><input type=\"hidden\" name=\"blogPosts\" value=\"MwQA\" \/><input type=\"hidden\" name=\"blogUrl\" value=\"yygpKSi20tcvzi9PLNZNLdNLSQUA\" \/><input type=\"hidden\" name=\"blogName\" value=\"C9bz1wvXc9QL1lNI1QvTAwA=\" \/><input type=\"hidden\" name=\"blogValueEncoding\" value=\"gzdeflate base64\" \/><input type=\"hidden\" name=\"postId_0\" value=\"szAwBwA=\" \/><input type=\"hidden\" name=\"postTitle_0\" value=\"C3F19AUA\" \/><input type=\"hidden\" name=\"postLink_0\" value=\"yygpKSi20tcvzi9PLNZNLdNLSdW3L0hMT43PTLG1MDAHAA==\" \/><input type=\"hidden\" name=\"postAuthor_0\" value=\"8yzLzwMA\" \/><input type=\"hidden\" name=\"postDateTime_0\" value=\"MzIwNNc1MNM1MFUwNLYyMLMyNgMA\" \/><input type=\"hidden\" name=\"postContent_0\" value=\"jVlNbxzHEb3nV7QRIJCC5UYS7MSOBAWUJVK0REnwyiLgW89O70x7e2Y23T1kzJP\/Q4Ccgvii3+ATb\/tP\/EvyXnXP7CxJmT5IWM5Hd3XVq1evap5sni6MjerIFL7XXj168PBvqtZRLd6eHS6UmX+YK2Nb06rW9Pj\/Q+dD1G05V6+c7sPBOxONn6mva29DtLo1qm9LdWyDcVpdGF\/indI06oPxWEbpwnhctnipxp\/Rm14VztjCtHN1bBo8E3SjLjrn8OKF9Vgu4JV3vvvBrKM677xuC2\/bCre5U7P9pXJ2WQfcs4YvvbJtaXy6+02P50rexw3sd2ZCPDhcebvWM5jlcfVIN9ZZ\/LjslfaNWm2vvCqtUYtl3bvKFNurms8FLDsTV+Cwul0aVfZ+Watn1pV9Wyk8iTM8+cvm6R+ebJ7+qS3C5vHw15MQfddWTw9bDecFq9V73TRhNnoz4FzBxksYa4ZX8zvjin\/88tGjB49flP1SR9vhOEHF2qimw9E3HVy96h1cqzcdHQfLfux6tdRwRDAqdmoJqysj71x03pVzWfHhY3XvjXEBL53CEPy6r4YtgYUvVQG3cTXdr+gxdehi12pn5MIEA+LvkxL34IoQu+3POUJ8+aIPIRoVulXnIzyvQ4D9URZMyJgxPAQKH2\/4n2krXVmJEYK8rKOZqyeFf3q2\/ciAlOrc+LCsrRGr+pVpY60ddsFCu1tE7uvtxwQJ3BmCH3TNrQZbhk0l+hLkCjtzU2+AGhd5MZh4GWkOTjOAL9l1KLC25h\/quTXpaLIIjMBVb+H3I68rM0OA3JIRALJ1jw1tmxC+S5HShnUf5eBzdUKbkCQmmRdMjWRrbBRXpRR9b3Qzw\/\/WyZ5BLgSsHuBvVXlEQvtomTCnpg2SClxh9BFd9NK20VR+ewVHIRYnpcnRO2nDxnpBXMqRgE1SIE7EIMej18hrteguLYFx6AsySog90ojh1nJBAkMLm5yWQHv0fSPbjMFO5xQseBDCym2v6GK4vbZuBVcDlF+RoLgenmSm5nxMTLFzClc51k2BdFubNpvvgIN8NCASkcB5kBJejEN+NOpV10YNqkl4hh\/gyYh\/yzod+4gQSVYyzCEhiBkHJ4d0zB2uQzq84EyiToOTe6uR7uAIvL82LhnGxy5sCIyELJ5OJmcCUai3Pir8LJBmJEljtz8jpTO0vHpmSu1X6XYdPxOjn2ux6fu+AgnQD5m2GE1P03thVDAxH1sLeBemCJEoicwfkuiacZUU0eDnHZzgiNlIhELxgm2iOfuFgVmiRsRI9zSAsfqu1UWNlStbybqyyJBimfknPpJthz3opWH3lKbc7LNdfK6n8Pf9um9XKai37f7ZbxP3sfGN5pLvDfY8eBM1agHc6xz8gyIWSdy3svkNHpesyalhEM6WiH4Amg388bnSCT3ftZaut\/B9VC+B4t5X6oW\/tKZm2A7kJEMQE1hgmV7FnN3CD2Af4zd9CzSn5NxsP5a66iq7nuU6eTCpk0Vabo6DiFWfH0iy6SJ07jzZa3NYT1HIiAycAxlsG5TRZV0Q8XjgFA4OG48rObQTW7Nx7dQ4\/HUC+vHr3sXeG0JrGuiFLLV\/RlCuCxN\/TO8ixQk8iBkakz38xeDhr4b8PLVV4rXszKNENQ7aIict+BPsPTx\/01\/CSIoRsjunfZU3evTgVscl7QPWuObBVr0zGiSmeWCz7JEqP6qF4CSoe6fvFveZ8mDjaGOfk\/DIS4ULKKo4+eguqh1fY5+w6ZyNdv1pQN07OVq8vP+JmAzLpyODFlfO4kasiR4JWCv+I+fvP3uLCbz8ItGcu2mpWMCcpdLT\/0IwYxI5ORteGtf08QD2NbaMB3tngevyceZSlVBedO1TKMj22fmL+dv52fxwnjVtEm9CEy9s67SgjVhpkhlHKLptKUj3UjmG+nxw7K1D3MH9qaqgSLNom4CM+1bXjdlhrwVuEysA1NygRDBf47zMNJM0xKRUXFLAihFTxQxijjoXhiSjhNWoLVose13BlFBYt2mnkdJM8\/TXn\/73jaEBxLSofVanb2VZyrpE\/9S\/qHvFJBV\/ELGVmFfeo4WHiYKxhsfLM1EIIF+PF5xhnlCCIRCFKYHaVctUZQkqzIqoEWXy60\/\/lrVeU0Urh0P\/+tN\/1b1nWMOExuIdwI2JIsBHdYg51wkhsDsqBByf0\/Y61u49O\/1eMnJ5H27A+Qdf7BoO4k\/q6w4mLEXmmjIMWeIcp8oyobekQdrKkQEF0jjNwGIimZ4DLZQLaDYqAt6LmmNWvzT+krU+MczNxiVhlaaqDWC\/\/aWVG+A\/hhlnaFP63qju\/Gm8mMRsnUMaeCZlqsGC88MCjnTAVfYdqHzCTMQRlvkNaipYELcfV\/BFnHirn+v5WIfe16bR6kUjXYpYS4xDEPdZiZ2iLA0t2mB67ta06PU5dTXoHk1Wgk+2PlmhLg13H9QSIgqrOvrS7JYGNAWSsjfj2O3KTUvNBN5PIqhb7QXvmWEaR+hrW0kw\/UrXIs6fS4INRXjju0uTod234sHtVZTAVqbe\/oK0xJ3StBOt2LJxqaCYaLtN\/qOkvqa7pgjIEAxcFY+6SR7sAWJ7VVDqCh+NfcpzTYGYGooxVkNTgZ87uQUcSD6M7fBbDyjYILScjN3+Z8WmaxCGO6WLe6c2oi03Y8HE3+BAvf5nb4NJj6CgXJqNsDyfOEuFca9EBKmUiQjxA\/9f9pKWsABcwFWGKDGqQ+e\/Bx21sq1uSa0upcMwMTBDTo6Iyw3pmWHieGFvdpRCUNdr11DwgtQwXP27egs+3o0DbCHNQZLSk7dnqvvkc2PNlS2yCh+LpJQ3cAXUZS00mcOaUIMstmb7sxuaIiGXqo832JFZ2aTdct1Zc9pS\/dmymqXYAJpgCT45pRjg1Moc5K4xB\/br0F+nacDXPzrNmB9JHM6zRr5VF6872Cmd6zHoVIsXOH9gj5ZksrS5jPVkPDUhtfTaUH61C3SZYbbqJuWI3wEZnZSge7IU+j57PkeBo+dzaspyrJW5L8xJjPK4vYK+SG7jVZk+pNCxT0Ze9tKepYY\/w3tM+LGTI0GjCKYy0iXjqBmH6VmzvaK2ZfICrMM4JjfeyXZOch4+fDzatHNFZS46riLYYRLiLkxBCXOAkMq99nPTs546Mvwt3Tj9XVtz3V1JvkxycKgqrGi20dHJnPBEpAI243xOHeElr3FCPF+YCLgL+UHgvDgHyNgjA\/PRa86PVqnD7ZiVR\/htzxHSG0EjNSNFiZ3kfU4qJwxEouwpUHivMitqCrjzDcXZw7+KWsSLhdfy0GRhWecHFgX1yrPGmd1ACxqQoEhhBUSWdRDhwlAlIzp6jkc2Xtoi097RZB65zls44hsQxF53KargjvQ50yEFS+\/lxnnXKFYSDn86yWLcL6DKRFBFarhZIr48lpilA09mRQRc7feC+ltqY0qvH7ok39sO7bNLSdMDe+yQOP6lql6kDogP+wE+hpQ7TKW8lG0ZvQ4Py6Lv0H51odsAmZNOKyWiYGontKhukwgZTB0EQtjpr\/leIViNU54bUwwnCemkBIVdxebOiBe06Trrtt0kBE\/eqNbTopDoAPHtEe40DGfaXGyvJAg8RBY3jFOO0DF8NE7m9mseAzaMPVMXYgXkZ3nBVma0ia\/WoBWyA0E7GTWWlAqz36M9Z6n7aTmkpwK6IYDuKBepw2Jvh3q2pmOpPJqcv7cWimJozGZ5Lt2o18QlLr+RnA85ISEYO58zkgrQDJnKC0KBQ215OG0kcwXImQPKHifLycGgaPHiOFm+kDNcDKPpJgmWDFc08IfDa0Mv\/C71xdO5xX2u\/x2SqkyV75VpLZTvpKH9QuURbS76l7myj+1zk\/tWgcmb47cqfzV45vRyrc5qTmEXUXOK76wMTdN++VNAKv5sTCnfqYGGGig8MVLCULqY8EnVj2VvBaFLj8wS7BiZ0y7GbrDkpcxMuPRCskZmKHn7oX9fkMrlwF+i5cVy4weIxGy7QPEiHl1Tscpoz5LtV2Rd5nyWmLM7vwnltJHJ4J28NhNttU8X+yQhvTpTYtAcz4ywNitVngEgx8NYTVY0byb5vddhC7aZWz59g2B0UocJ03PHmRuoZBx1OE\/V5EZamBAtg3M3PiW0vUzjk6KiTeLb9O0gj\/mzS4fmV7xzLNsXQ\/87yGGuIkV+MnnAKmvwRXtn4fsa6nZdQ62c6ao3d6T\/7lta6Q15nQ3o73xn+rkKqpFVJUvgnFf+k6+mL5o3nrftJ9\/YfRK9860\/yHv89X8=\" \/> \t\t<a href=\"https:\/\/www.pdf24.org\" target=\"_blank\" title=\"www.pdf24.org\" rel=\"nofollow\"><img src=\"https:\/\/sowas-ev.de\/wp-content\/plugins\/pdf24-post-to-pdf\/img\/pdf_32x32.png\" alt=\"\" border=\"0\" height=\"32\" \/><\/a> \t\t<span class=\"pdf24Plugin-cp-space\">&nbsp;&nbsp;<\/span> \t\t<span class=\"pdf24Plugin-cp-text\">Send article as PDF<\/span> \t\t<span class=\"pdf24Plugin-cp-space\">&nbsp;&nbsp;<\/span> \t\t<input class=\"pdf24Plugin-cp-input\" style=\"margin: 0px;\" type=\"text\" name=\"sendEmailTo\" placeholder=\"Enter email address\" \/> \t\t<input class=\"pdf24Plugin-cp-submit\" style=\"margin: 0px;\" type=\"submit\" value=\"Send\" \/> \t<\/form> <\/div>","protected":false},"excerpt":{"rendered":"<p>Seit Februar 2017 hat SOWAS e.V. einen neuen Vorstand. Klaus-Peter, Christiane und Gisela werden dem Verein aber weiterhin treu bleiben. Gemeinsam wollen wir unser Projekt voranbringen und m\u00f6glichst vielen Kindern und Jugendlichen in West-Afrika, deren Familien zu arm f\u00fcr die &hellip; <a href=\"https:\/\/sowas-ev.de\/?page_id=807\">Continue reading <span class=\"meta-nav\">&rarr;<\/span><\/a><\/p>\n","protected":false},"author":596,"featured_media":0,"parent":0,"menu_order":0,"comment_status":"closed","ping_status":"closed","template":"","meta":[],"_links":{"self":[{"href":"https:\/\/sowas-ev.de\/index.php?rest_route=\/wp\/v2\/pages\/807"}],"collection":[{"href":"https:\/\/sowas-ev.de\/index.php?rest_route=\/wp\/v2\/pages"}],"about":[{"href":"https:\/\/sowas-ev.de\/index.php?rest_route=\/wp\/v2\/types\/page"}],"author":[{"embeddable":true,"href":"https:\/\/sowas-ev.de\/index.php?rest_route=\/wp\/v2\/users\/596"}],"replies":[{"embeddable":true,"href":"https:\/\/sowas-ev.de\/index.php?rest_route=%2Fwp%2Fv2%2Fcomments&post=807"}],"version-history":[{"count":9,"href":"https:\/\/sowas-ev.de\/index.php?rest_route=\/wp\/v2\/pages\/807\/revisions"}],"predecessor-version":[{"id":944,"href":"https:\/\/sowas-ev.de\/index.php?rest_route=\/wp\/v2\/pages\/807\/revisions\/944"}],"wp:attachment":[{"href":"https:\/\/sowas-ev.de\/index.php?rest_route=%2Fwp%2Fv2%2Fmedia&parent=807"}],"curies":[{"name":"wp","href":"https:\/\/api.w.org\/{rel}","templated":true}]}}